.
-198400
-23402254 (base 6) to base 9
-1334357
Convert -bd72 (base 14) to base 4.
-20001000
665c (base 15) to base 7
120141
Convert -1279327 (base 13) to base 9.
-11803787
Convert 467a8 (base 13) to base 10.
128747
a3c875 (base 15) to base 10
7788035
Convert -3993926 (base 11) to base 14.
-cb8d41
Convert -182869 (base 11) to base 7.
-2252551
-21bc7d (base 15) to base 10
-1609318
Convert -ca998 (base 16) to base 13.
-230946
240431232 (base 6) to base 12
1618518
What is 1b62452 (base 13) in base 2?
100010101010101000101111
101120120 (base 3) to base 9
11516
Convert 10100011000111110 (base 2) to base 6.
1442354
What is -ce9adc (base 15) in base 7?
-146521050
What is -85 (base 11) in base 14?
-69
709c4 (base 13) to base 4
301032020
What is -6416025 (base 7) in base 13?
-212c25
Convert -122032210 (base 5) to base 8.
-2155321
What is 431a4 (base 15) in base 12?
a3324
Convert 87c23 (base 14) to base 13.
b6936
Convert -404c (base 16) to base 14.
-5dda
-123ef5c (base 16) to base 12
-64a7aa4
1001010110101101 (base 2) to base 14
dd6d
What is -2c65a7 (base 15) in base 5?
-1022212112
-301303422 (base 5) to base 9
-2224422
Convert -45243 (base 12) to base 3.
-11200002120
Convert -9446c0 (base 13) to base 14.
-6630bd
Convert 8cbc9 (base 13) to base 10.
256876
530033 (base 11) to base 9
1533811
What is 340101141 (base 5) in base 12?
5b8b07
What is 1846315 (base 12) in base 2?
10011010101111001000001
What is -585a39 (base 13) in base 9?
-3846421
-123013232130 (base 4) to base 8
-33075634
Convert 25229 (base 10) to base 7.
133361
What is 11000011212 (base 3) in base 8?
232017
Convert -112672 (base 13) to base 11.
-257605
Convert d4c35 (base 14) to base 6.
14553555
Convert 12ba27b (base 13) to base 5.
3002442401
1941cb (base 13) to base 14
128454
2101323220 (base 5) to base 14
8078da
What is -2303111203 (base 4) in base 3?
-1101022122001
4b7d6e (base 15) to base 3
20210222010012
What is -986363 (base 12) in base 7?
-26352315
a45155 (base 11) to base 5
412112120
What is a441 (base 14) in base 10?
28281
-1001101001110111101 (base 2) to base 3
-121001221122
Convert -1cc6c0 (base 16) to base 8.
-7143300
Convert 8574111 (base 9) to base 2.
10001100001111111111011
3c65c0 (base 13) to base 16
16714a
Convert 32654a (base 12) to base 14.
16b318
Convert -205514 (base 6) to base 2.
-100000110110110
What is -4102311 (base 6) in base 16?
-2f983
11111100000101010111010 (base 2) to base 13
1932a54
What is -4442145 (base 6) in base 9?
-370412
Convert -1220313003 (base 4) to base 6.
-13112243
Convert 551252 (base 7) to base 16.
17906
1013642 (base 7) to base 4
131220323
Convert 202212223 (base 4) to base 14.
39923
566b43 (base 13) to base 9
3753328
2582068 (base 10) to base 6
131202004
Convert 826581 (base 9) to base 4.
1313231332
Convert 10147 (base 9) to base 3.
100011121
What is -750bb (base 12) in base 6?
-3144355
Convert -84562a (base 11) to base 14.
-27381b
Convert -45361 (base 13) to base 7.
-1032544
What is -3213220122 (base 5) in base 14?
-c844d4
-2012032200 (base 4) to base 15
-acd7c
-486939 (base 10) to base 6
-14234203
351410 (base 9) to base 14
56c86
What is 1000111222012211 (base 3) in base 11?
8289172
What is -842a249 (base 11) in base 16?
-e2bd3b
-100232 (base 10) to base 4
-120132020
Convert 201100000 (base 4) to base 5.
13324232
5322153 (base 6) to base 8
773165
Convert -26877 (base 11) to base 7.
-216502
What is -84fb8d (base 16) in base 9?
-17352838
Convert 1420250 (base 6) to base 12.
3a686
Convert 100211021212 (base 3) to base 2.
101111001101110101
What is -1111425 (base 7) in base 14?
-38115
8275eb (base 15) to base 16
5e9f85
What is -22ab17b (base 12) in base 5?
-3203234424
-55301022 (base 6) to base 9
-3104275
-2101151 (base 6) to base 13
-371aa
10101110111101010010 (base 2) to base 9
1312021
Convert 19359 (base 16) to base 3.
12020122100
Convert -100000000110100110 (base 2) to base 8.
-400646
Convert -1141031130 (base 5) to base 14.
-4d865d
What is 1037513 (base 9) in base 3?
1001021120110
What is 6502622 (base 7) in base 9?
1434845
1547b0 (base 12) to base 14
95588
Convert -1a23b (base 13) to base 11.
-35290
Convert 1000010010101101101 (base 2) to base 4.
1002111231
Convert -20243204 (base 5) to base 14.
-44405
Convert 2102212300 (base 4) to base 13.
180430
-1744416 (base 8) to base 14
-d3d26
4438201 (base 11) to base 16
76cb2e
Convert ba65 (base 13) to base 3.
1022120202
16770 (base 16) to base 14
25768
-73705 (base 12) to base 7
-1200152
What is 1a5a93 (base 11) in base 6?
10432152
26161651 (base 7) to base 15
321961
What is -2020462 (base 7) in base 9?
-405614
Convert -30114 (base 6) to base 12.
-233a
-4102101 (base 5) to base 11
-45570
Convert 4d9db (base 16) to base 12.
133b8b
462a9 (base 12) to base 4
112320201
-67965 (base 14) to base 4
-331122211
What is -12a7852 (base 12) in base 14?
-6c5d82
Convert -32300030 (base 5) to base 6.
-5521115
Convert 23023112332 (base 4) to base 5.
1222230420
7705342 (base 10) to base 6
433052514
353485 (base 14) to base 3
10102012021120
What is 10110110200 (base 3) in base 14?
1ab91
What is -63777 (base 15) in base 12?
-13274a
What is -45343024 (base 6) in base 9?
-2536017
120b53 (base 13) to base 16
69106
11111011001110001 (base 2) to base 12
62529
-6623672 (base 8) to base 6
-102051030
-28901b (base 15) to base 14
-38c223
-6e9695 (base 15) to base 12
-1935395
Convert -2213333 (base 7) to base 15.
-55b28
Convert -c608d8 (base 15) to base 2.
-100011111011011000001101
What is 30220221 (base 4) in base 13?
1a730
What is 55170 (base 10) in base 3?
2210200100
1303115 (base 7) to base 9
277035
352034 (base 8) to base 5
12313321
21021122122 (base 3) to base 16
23000
What is -54d56 (base 15) in base 4?
-1001310333
-267522 (base 8) to base 10
-94034
Convert -1869478 (base 12) to base 15.
-6b136b
What is 20021002221 (base 3) in base 9?
207087
1000010110100110101 (base 2) to base 4
1002310311
-85850 (base 10) to base 8
-247532
1384086 (base 11) to base 3
11110202222200
What is 1a4639 (base 11) in base 3?
120221010002
16056453 (base 8) to base 9
6850026
What is 44a79 (base 12) in base 9?
148323
23043110 (base 5) to base 3
101110121202
What is 356437 (base 8) in base 16?
1dd1f
Convert 232303301021 (base 4) to base 5.
11120130130
Convert -101000222200 (base 3) to base 12.
-963a6
What is 110000111011110001 (base 2) in base 10?
200433
What is -130397 (base 10) in base 2?
-11111110101011101
Convert 117ec (base 15) to base 11.
38a15
Convert -801380 (base 10) to base 16.
-c3a64
Convert 93669 (base 12) to base 10.
192753
-164770 (base 9) to base 5
-11230321
Convert -42a8e (base 16) to base 9.
-455475
What is -45434463 (base 7) in base 12?
-13aa939
14622b (base 14) to base 9
1288642
Convert 6306005 (base 7) to base 11.
478865
What is -94c0 (base 16) in base 3?
-1221020101
25170320 (base 9) to base 5
11124002010
Convert b542 (base 15) to base 8.
112650
Convert -250737 (base 9) to base 7.
-1200463
Convert 23105533 (base 9) to base 11.
6376332
What is 10131010 (base 4) in base 15?
5614
Convert 110400314 (base 5) to base 11.
2a96a7
Convert -b52856 (base 13) to base 16.
-40968d
Convert -789615 (base 10) to base 16.
-c0c6f
10850 (base 16) to base 14
1a932
-5144313 (base 6) to base 11
-159817
Convert -11110000111110 (base 2) to base 16.
-3c3e
Convert -1401440 (base 12) to base 16.
-3cc930
What is 40187 (base 12) in base 5?
10130231
-13521566 (base 7) to base 16
-13512b
-4b52887 (base 12) to base 4
-320122231213
Convert -328464 (base 9) to base 11.
-124691
-11110011101000001001 (base 2) to base 12
-4015a1
Convert -114441424 (base 5) to base 6.
-15414013
What is 38821 (base 11) in base 7?
320663
Convert -147532 (base 10) to base 9.
-244334
Convert -12a851c (base 13) to base 2.
-10110011001111100101011
145132 (base 6) to base 2
11011100010000
Convert 16987629 (base 10) to base 13.
369a269
1002956 (base 11) to base 6
102015153
What is d423 (base 16) in base 4?
31100203
What is 114d77 (base 14) in base 8?
2200055
What is 10013120201 (base 4) in base 10?
1078817
Convert 30a4777 (base 11) to base 15.
72ee4d
Convert -139342 (base 11) to base 15.
-4460c
-13041136 (base 7) to base 5
-300432023
What is -16680d1 (base 14) in base 16?
-a7fc57
-31b14 (base 14) to base 13
-42907
153304313 (base 6) to base 8
14277065
What is -223102311 (base 4) in ba